when t is divided by g?
43
Let b(f) = 6*f**2 + 3*f**2 + 11*f**2 - 5*f - 19*f**2 - 18. Calculate the remainder when b(11) is divided by 21.
6
Suppose 0 = -s + 5*r + 20, -5*s + 8 = -4*s - r. Let g(i) = i + 5. Let n be g(-6). What is the remainder when ((-6)/n - -1)*s is divided by 18?
17
Suppose 10*a - 1360 = 5*a. Suppose -4*m + a = -2*m. Calculate the remainder when m is divided by 35.
31
Suppose 3*t + 3*c - 71 = -c, t - 2*c = 17. What is the remainder when 733 is divided by t?
19
Let t = -1 - -6. Suppose 2*u - 1 = 3. Suppose 4*o - 206 = -u*z, -t*z + 6 - 85 = -o. What is the remainder when o is divided by 14?
12
Suppose 4*w - w - 9 = n, 4*w - 28 = -4*n. Suppose l + 3*g = 4, -l - g = -n*l + 8. What is the remainder when 6 is divided by l?
2
Let f(h) = -18*h**3 - 3*h**2 - 3*h - 1. Suppose 0 = -36*m + 35*m + 23. Calculate the remainder when f(-2) is divided by m.
22
Let s(b) = 70*b - 540. Let v = 7 + 1. What is the remainder when s(8) is divided by v?
4
Suppose 4*y - 2*y + 10 = 0, 0 = -3*x - 4*y - 905. Let s = x + 485. Calculate the remainder when s is divided by 49.
43
Suppose 7*k - 105 = 84. What is the remainder when 321 is divided by k?
24
Let x(j) = 189*j**2 + 12*j + 13. Calculate the remainder when x(-1) is divided by 22.
14
Let v be (1 - -1)*162/36. What is the remainder when 24/v - -1 - (-4)/(-6) is divided by ((-6)/4)/((-3)/6)?
0
Suppose 0 = 6*p - 2*p - 156. Suppose 308 = 3*k + k. Calculate the remainder when k is divided by p.
38
Suppose 4*t = -57 - 59. Let a = 44 + t. Calculate the remainder when 42 is divided by a.
12
Let a(j) = j**3 - j**2 - 6*j - 2. Suppose -5*h + 10*h = -i + 313, 3*h - 201 = -5*i. Suppose 2*z - h = -42. Calculate the remainder when a(5) is divided by z.
8
Suppose 5*u - 20 = 0, 3*i + u - 57 - 136 = 0. What is the remainder when i is divided by (-67)/(-3) - (-1)/(-3)?
19
Let b(j) = 4*j**2 + 26*j - 109. Calculate the remainder when b(6) is divided by 65.
61
Suppose 2*i - 32 = -3*z + 4, -2*i = 5*z - 64. What is the remainder when z is divided by 4?
2
Suppose -m = -4 - 4. Let w = 189 - 101. Suppose -2*r + w = 2*r. Calculate the remainder when r is divided by m.
6
Let j = 106 + 159. Calculate the remainder when j is divided by 69.
58
What is the remainder when 55 is divided by (24 - 27)*(-11 - -2)?
1
Let q = -17 + 21. Suppose -17 = -q*y + 127. Calculate the remainder when 105 is divided by y.
33
Let t = -57 + 104. Let p = -21 + t. Calculate the remainder when p is divided by 14.
12
Let z(o) = 5*o - 5. Let l be (-3 + (-14)/(-4))*4. Suppose -l*v - 39 = -3*v. What is the remainder when v is divided by z(5)?
19
Let x be 3/(-2)*66/(-9). Let b = x + -8. Let a(p) = 4*p**2 - p - 2. What is the remainder when a(b) is divided by 11?
9
Let y(m) = m**2 - 1. Suppose 3 = -w + 5. Suppose w*l = -8, 3*l - 8 = -4*i + 2*l. Calculate the remainder when y(-2) is divided by i.
0
Let z = -92 - -196. What is the remainder when z is divided by 16?
8
Let r(c) = 66*c**2 + 8*c + 38. What is the remainder when r(-4) is divided by 56?
54
Suppose -3*c + 6*c = 9. Suppose -3*j - c*q + 33 = 0, q = -5*j - 3*q + 51. What is the remainder when 5 - j - (-63 + 1) is divided by 21?
18
Suppose -3*q - 2*i + 11 = 0, 0*q = -3*q + 3*i + 6. Let h = 1 + q. Suppose u + h*m - 2 = 16, -3*m = 5*u - 124. Calculate the remainder when 75 is divided by u.
23
Suppose -78*l = -53*l - 6925. Calculate the remainder when l is divided by 70.
67
Let p = -45 - -75. Suppose f - 5*n = -4, n + p = 5*f + 2. What is the remainder when 45 is divided by f?
3
What is the remainder when (-96)/(-240) - 18/10*-17 is divided by 4?
3
Calculate the remainder when (136 - -1 - 3) + 0 is divided by 45.
44
Let o be (12 - -1) + (15 - 13). Suppose 0 = 5*c - o, 4*q + 0*c = -2*c + 106. What is the remainder when q is divided by 13?
12
Let a be 831/18 - 1/6. Suppose 0 = -2*c, 5*t = 7*t + 3*c - a. What is the remainder when 113 is divided by t?
21
Calculate the remainder when -12 - ((-8 - -6) + -1527) is divided by 46.
45
Let w(m) = -m**3 + 17*m**2 - 15*m - 5. Calculate the remainder when w(16) is divided by 6/14 + 780/140.
5
Let f be (1/3)/((-14)/(-84)). Let o(q) = f*q + 6 + 1 - 3. What is the remainder when 23 is divided by o(2)?
7
Suppose 198 = -5*t - 37. Let w = t - -19. Let s = w - -34. Calculate the remainder when s is divided by 4.
2
Let q = 11 + -7. Suppose 7*i = 11 - 11. Suppose i*y - 84 = -q*y. What is the remainder when 40 is divided by y?
19
Let i(p) = -2*p**2 - 66*p + 36. What is the remainder when i(-32) is divided by 51?
49
Let o = -540 - -1085. What is the remainder when o is divided by 55?
50
Suppose 2*r + 7 = m, 5*m - 259*r + 261*r = 95. Let o be ((-52)/(-6))/(3/(-9)). Let y = -17 - o. What is the remainder when m is divided by y?
8
Let h = 59 + -127. Let w = 82 + h. What is the remainder when 52 is divided by w?
10
What is the remainder when 283 is divided by 348/58 + (-1 - (-66 - 1))?
67
Let s = -59 - -27. Let a = s + 43. What is the remainder when 88 is divided by (12/(-10))/(a/(-165))?
16
Let i = 43 + -26. Suppose -63 = -4*q + 2*n + i, -q = n - 26. Calculate the remainder when 82 is divided by q.
16
Suppose 12*f - 350 = 7*f - 5*x, -3*f + 210 = 2*x. Calculate the remainder when 417 is divided by f.
67
Suppose -2*y = y - 51. Calculate the remainder when y is divided by 9/(135/156) - 6/15.
7
Let a = -257 + 437. Let i = a - 68. Suppose 2*c + 3*x - 40 = x, -i = -5*c + x. Calculate the remainder when c is divided by 3.
1
Let l = 11 - 18. Let f(b) = 2*b - 6 + b - 2*b - 3*b. What is the remainder when 29 is divided by f(l)?
5
Let r(j) = -4*j - 15. Let d(n) = -5*n - 16. Let w(v) = -6*d(v) + 7*r(v). Calculate the remainder when 62 is divided by w(21).
29
Let r = 396 + -238. What is the remainder when r is divided by 18?
14
Let g = -16 - -24. Let f be (2 + -4 - -3)*0. Suppose 2*s = -2*l + 42, -1 + f = s. Calculate the remainder when l is divided by g.
6
Let k(n) = 3*n**2 - 3. Let f be k(-3). Suppose 0 = 4*r - g - 62, g = 2*r + 4*g - f. Let d = -510 - -514. Calculate the remainder when r is divided by d.
3
What is the remainder when 153 is divided by (-3)/(-27) - -119*24/54?
47
Let n = -56 + -8. Let r be (-1 - -7)/(-30) - 64/5. Let y = r - n. Calculate the remainder when y is divided by 26.
25
Suppose -8*p + 7*p = -6. Let x = -122 + 209. Calculate the remainder when x is divided by p.
3
Suppose y - 15 = -2*q, 2*q + 5*y - 24 = y. Calculate the remainder when ((-78)/(-15) - 2)/(46/115) is divided by q.
2
Let b(o) = -o**2 + 44*o - 54. Calculate the remainder when b(41) is divided by 19.
12
Suppose 4*j - 5 - 299 = 0. Calculate the remainder when 156 is divided by j.
4
Suppose 27*s = 39*s - 168. Let k be 11*(1 + -2) - 0. Let n = -7 - k. What is the remainder when s is divided by n?
2
Let f be (-1)/((-3)/(31 + -4)). Suppose -f*t = -4*t - 15. Suppose -t*d - 7 = -49. What is the remainder when d is divided by 9?
5
What is the remainder when 148 is divided by 2/12*-3*(2 - 108)?
42
Let z = -24 + 141. What is the remainder when z is divided by 32?
21
Let z = -368 - -423. What is the remainder when 328 is divided by z?
53
Suppose 0 = 3*b - 3*k - 654, -b - 69 = 3*k - 267. What is the remainder when b is divided by 31?
27
Let w = 100 + -61. Let z(h) = 2*h**2 - 4*h. Let s be z(-7). What is the remainder when w is divided by 2/(-4) - s/(-12)?
9
Suppose -4*v + v + 24 = 0. Let s = -21 - -26. Calculate the remainder when v is divided by s.
3
Let t = 535 - 467. What is the remainder when 271 is divided by t?
67
Let x(z) be the first derivative of -z**4/4 + 10*z**3/3 - 4*z**2 - 4*z + 11. Calculate the remainder when x(7) is divided by 18.
15
Suppose -10 = 3*p - 5*p. Let n = 77 + -58. Calculate the remainder when n/2 + ((-9)/2)/9 is divided by p.
4
Let b be 42/(-28) - (-131)/2. What is the remainder when 1/(4/b) + 0 is divided by 3?
1
Let k(v) = -2*v**2 - 35*v - 14. Calculate the remainder when 1858 is divided by k(-7).
129
Suppose -27 = -2*q + 27. Let d = -13 + q. Let r = -61 + 114. What is the remainder when r is divided by d?
11
Let f = 988 - 1436. Calculate the remainder when (-2)/(-10) + f/(-10) is divided by 12.
9
Let k(i) = i**3 - 3*i**2 - 8*i + 3. Let n(t) = t**2 - 50*t + 50. Calculate the remainder when n(50) is divided by k(5).
11
Suppose 35*a - 739 = -214. Calculate the remainder when 88/2 + -1 + 1 is d